g = x - j. What is the units digit of g?
5
Suppose 3542 = 5*g + 6*g. What is the tens digit of g?
2
Suppose 40*d = 50*d - 10500. What is the units digit of d?
0
What is the tens digit of ((-1010)/(-3))/((-1752)/126 + 14)?
3
Let q be (-1)/3 - 0 - (-867)/9. Let n = q + 120. What is the tens digit of n?
1
Let t = -14 - -25. Suppose -b = -t - 10. What is the units digit of ((-7)/b)/((-3)/288)?
2
Let k = 475 - 277. Suppose -2*m - 4*q = -0*m - 228, 0 = -2*m + 2*q + k. What is the hundreds digit of m?
1
What is the tens digit of 35/(-2)*(360/25)/(-3)?
8
Let w = 64 - 63. Suppose 84 = n + n. What is the tens digit of 553/n - w/6?
1
Let h be (-49239)/(-72) - (-2)/16. What is the tens digit of h/8 + (-2)/(-4)?
8
Let r(z) = z**2 - 8*z + 21. What is the units digit of r(8)?
1
Suppose -3*q = 3*q + 12. Let m be (-21)/14 + (-9)/q. Suppose -5*g + 265 = -5*k, -m*g + k = -0*g - 151. What is the units digit of g?
9
Let j be (-25)/(-10)*(-9)/((-45)/4). Suppose 3*c = -3*m + 5*c + 283, -103 = -m + 5*c. Suppose 4*t - s - m = 0, s + 22 = j*t - 23. What is the tens digit of t?
2
Let v = 2 - -1. Suppose u - 6*u - v = -3*h, 3*h + u + 15 = 0. Let m = 30 + h. What is the units digit of m?
6
Let n(v) = -v**2 - 13*v - 1. Let w be n(-13). What is the tens digit of (w - -3)/(6/195)?
6
Let u be ((-6)/10)/(2/(-10)). Let y = -9 - u. What is the tens digit of (-382)/(-18) + y/54?
2
Suppose -3*l + 2*x = l + 110, 4*x = 2*l + 70. Let i be (40/l)/((-2)/(-10)). Let f(o) = -o**2 - 8*o + 7. What is the units digit of f(i)?
7
Let p(v) = -2*v**3 + 10*v**2 + 43*v - 10. What is the units digit of p(-7)?
5
Suppose -3*v = 5*o - o - 19, 2*o - 2 = 0. Suppose 55*q + 24 = 57*q. Suppose 3*m - v*m + q = 0. What is the units digit of m?
6
Let s = 1 + -11. Let w be 11/(-33) - (-7)/(-3)*-4. What is the units digit of 1/(((-45)/s)/w)?
2
Suppose 20*m - 34956 = -10036. What is the units digit of m?
6
Let l(t) = -14*t**2 + t. Let d be l(-3). Let q be d/9*6/(-2). Suppose -2*b + 42 = -4*g + 6*g, -3*b = -g - q. What is the units digit of b?
6
Suppose -2*y + 0*y = 5*h + 10, -3*h - 25 = 5*y. What is the units digit of (-6 + h + -16)/(2/(-11))?
1
Let r = 99 + -87. Suppose 53 = r*c - 11*c. What is the tens digit of c?
5
Suppose 18575 - 4627 = 22*k. What is the hundreds digit of k?
6
Suppose 6*x - 771 = 2067. What is the tens digit of x?
7
Let j be ((-24)/(-7))/((-16)/(-1064)). Suppose 3*q + q = j. What is the units digit of q?
7
Let n be ((-598)/6)/(2/6). Let y = -162 - n. Let f = y + -93. What is the units digit of f?
4
Let w be (140 - 11) + -1 + 0. Suppose -w = -4*l + 2*y, -l + 4*y + 64 = l. What is the units digit of l?
2
Let y = 1468 + -1041. Suppose -46 = 3*l - y. What is the hundreds digit of l?
1
Suppose 0 = -18*j - 8*j + 58136. What is the hundreds digit of j?
2
Let n(b) = 6*b - 13. Let z be n(9). Let k = 92 - z. What is the tens digit of k?
5
Let j(g) = 2*g**2 + g. Let f be j(1). Suppose -340 = -r - 4*r + f*d, 60 = r + d. Let n = r + -27. What is the tens digit of n?
3
Suppose -l + 2*l - 5*r = 27, 0 = -4*l - 2*r - 2. Suppose -l*j + 3*j - 2*i = 33, -4 = -4*i. What is the tens digit of j?
3
Let y(d) = 2*d**2 + 2*d - 2. Let t = 9 - 7. Suppose h = -5*u + t*h + 21, 5*u - 23 = 3*h. What is the units digit of y(u)?
8
Suppose 7*j = 3*j + 16. Suppose j*h = 5*w + 750, 5*h + 8*w - 956 = 5*w. What is the tens digit of h?
9
Let y = -10 - -24. Let w = -5 + y. What is the units digit of 26/6 + 6/w?
5
Let l = -1632 + 2342. What is the tens digit of l?
1
Suppose -5*v = -4*k - 108, -v - 5*k + 36 = -k. What is the units digit of v?
4
Let r(a) = 78*a**2 + 5*a - 4. Suppose 3*x + 2*u - 6 = 7, 4*u - 19 = x. What is the units digit of r(x)?
9
Let h(w) = w**2 + 14*w - 10. Let f be h(-15). Suppose g = f*p + 39, 3*p - 2*p + 51 = g. What is the tens digit of g?
5
Let z(k) = -3*k - 1. Let y be z(-1). Let l = -2 + y. Suppose 0 = 4*t - 5*q - 136 - 64, l = 5*t + 3*q - 287. What is the units digit of t?
5
Let r = -19 - -429. What is the tens digit of r?
1
Let q(h) = -h**3 + 7*h**2 - 5*h + 4. Let m be q(6). Suppose 4*n + 3*f = m - 6, 0 = -5*f. What is the units digit of n?
1
Suppose 2*s = 3*s - 32. Let b = s + 7. Let l = 56 - b. What is the units digit of l?
7
Suppose -6*v - 29*v + 61040 = 0. What is the thousands digit of v?
1
Suppose 176*q = 173*q + 222. Let n = q - -90. What is the tens digit of n?
6
Suppose 5*j + 2*t = 2005, -j + 3*t + 401 = 2*t. Suppose -4*k + 235 = -j. What is the units digit of k?
9
Let r = -112 - -267. What is the units digit of r?
5
Let s(y) = -y**3 - 8*y**2 - 4*y - 2. What is the tens digit of s(-8)?
3
Let y = -1026 + 1701. Suppose -3*l + 2*k - 507 = -6*l, 4*l + 3*k - y = 0. What is the units digit of l?
1
Let l(k) be the first derivative of -k**2/2 + k - 1. Let y be l(10). Let i(s) = -s - 3. What is the units digit of i(y)?
6
Let g(z) = 2*z + 4. Let h be g(-1). Suppose -j + 209 = 3*k, h*k - 6*k = 2*j - 278. What is the tens digit of k?
7
Suppose -x + 3720 = 7*x. Suppose x = 3*z + 111. What is the units digit of z?
8
Let u(x) = 18*x - 10. Let d be u(7). Let s = -72 + d. Suppose 2*l - 5*t - 58 = -l, -3*l - 2*t = -s. What is the units digit of l?
6
Suppose -42*s + 40*s = -16. What is the units digit of ((-108)/s)/(-3) + (-3)/2?
3
Let p = 23 - 19. Suppose 0 = h + q + 38, -p*q + 8 = -h - 15. What is the tens digit of ((-50)/h)/((-1)/(-7))?
1
Suppose -3*w + 5*w = -52. Let p be w*3/(-2)*-1. Let z = p + 58. What is the tens digit of z?
1
Suppose 12 + 4 = o. What is the units digit of 4/16 - (-12)/o?
1
Suppose -2*z - 3*z + 3*a - 303 = 0, -z - 2*a = 58. What is the units digit of (z/(-40))/((-6)/(-364))?
1
Let l = 80 + -82. Let w = 43 + l. What is the units digit of w?
1
Let s(g) be the first derivative of 2*g**3/3 - 3*g**2/2 + 1. Let p = -49 - -52. What is the units digit of s(p)?
9
Let p(q) = q**3 + 7*q**2 - 14*q + 1. Let m(b) = 3*b + 25. Let r be m(-11). What is the units digit of p(r)?
9
Suppose -3*t - 15 + 30 = 0. Suppose 0 = -t*y + q + 383, -5*y + 389 = -3*q - 0*q. What is the units digit of y?
6
Let r = 28 + -24. Suppose 198 = 5*z + a, r*z - 190 = -z - 5*a. What is the units digit of z?
0
Let a = 4862 - 3083. What is the units digit of a?
9
Let y = -12 - -11. Let b be -4 - -10 - (y + 3). Suppose -q + 6 = h, b*h - 5*q = 43 - 10. What is the units digit of h?
7
Let c = 6 + -4. Suppose 0 = -2*t + 7*t - 20. Suppose 3*b - 95 = -c*b - 5*x, -41 = -t*b + 3*x. What is the units digit of b?
4
Let s be (-6)/(-9) - (-1)/3. Let u = -1 + s. Suppose u = -q - 3*a - 6, -2*q + 4 = -a - 5. What is the units digit of q?
3
Suppose -k = -3*j + 3584, -2*j = 2*k + 1658 - 4034. What is the units digit of j?
3
What is the hundreds digit of ((-372)/72)/31 + (-32474)/(-12)?
7
Let z(a) = 2*a**2 + 10*a - 20. Suppose 5*h - 23 = -78. What is the tens digit of z(h)?
1
Let m(q) = 37*q - 14. What is the tens digit of m(2)?
6
What is the thousands digit of 22/(((-150)/372)/(-25))?
1
Let c = -3097 - -5563. What is the hundreds digit of c?
4
Let u = -47 + 43. Let x(m) be the second derivative of -m**5/20 - m**4/12 - m**3/6 - 2*m**2 + m. What is the units digit of x(u)?
8
What is the hundreds digit of (-267)/6*(-174)/3?
5
Let f(v) be the second derivative of v**5/20 - 2*v**3/3 - 3*v**2/2 + 4*v. Let x be f(-2). What is the units digit of (-1 - x)*36/8?
9
Suppose -8*q + 314 = -142. Suppose 2*c - 4*y = 68, -2*c - 1 = 2*y - q. What is the units digit of c?
0
Let a = -9 + 10. Suppose -3*o + 14 + a = -3*h, 0 = o + 5*h + 1. Suppose 35 = s - 5*k, -156 = -o*s + 4*k - 0*k. What is the units digit of s?
0
What is the hundreds digit of 389781/269 + (-2)/(-2)*-5?
4
Let v(r) = r**3 + 8*r**2 - 7*r - 12. Let b(s) = -s**3 - 8*s**2 + 8*s + 13. Let d(i) = 2*b(i) + 3*v(i). What is the units digit of d(-6)?
2
Suppose -2*p = 3*p - 135. Let a = 14 + p. What is the tens digit of a?
4
Let v = 45 - 93. Let t = v + 124. What is the tens digit of t?
7
Suppose -5*n + 25620 = 5*j - 0*j, 0 = -j - 1. Suppose 0 = 2*l - 7*l + n. What is the tens digit of l/35 + (-2)/7?
2
Suppose -3*g + 1 = -5. What is the units digit of (0 - g)/(4/(-12))?
6
Let j be -1 + 0 - (15 + -16). Suppose j*o = -o. Suppose o = c - 0*c - 45. What is the units digit of c?
5
Let j = -5 + 25. Let c = 45 - -41. Suppose j - c = -3*h. What is the units digit of h?
2
Let p = 28 + 15. Let b = -19 + p. What is the un